 15 is divided by 34/9 + 4/18.
3
Suppose -4*d - 2*x + 9 = -9, -x = -5*d + 5. Suppose -5*y = -5*i - 10, 5*y + 3 - 5 = -3*i. Calculate the remainder when d is divided by y.
0
Suppose -10*c = -14*c + 328. Calculate the remainder when c is divided by 12.
10
Let f = -12 - -23. Let g = f + -6. Let p = -15 + 23. Calculate the remainder when p is divided by g.
3
Let j(v) = -v + 10. Calculate the remainder when 27 is divided by j(-5).
12
Let i(k) = k + 33. What is the remainder when i(-5) is divided by 8?
4
Let s = 59 - 23. Let m = s + -20. What is the remainder when 63 is divided by m?
15
Let a(o) = 4*o - 2 - 2*o**3 + 4*o**3 + 4*o**2 - 3*o**3. Suppose -10*v - 4 = -11*v. Calculate the remainder when 26 is divided by a(v).
12
Let r be (-3)/(-6) + (-15)/6. What is the remainder when 10 is divided by -12*r/4 + -2?
2
Let m(t) = -t**3 + 6*t**2 + 7*t - 3. Let x be m(7). Let o = 13 + x. What is the remainder when 19 is divided by o?
9
Suppose 0*g + 3*g - 66 = 0. Calculate the remainder when 43 is divided by g.
21
Let w(r) = -r**2 - r - 1. Let i be w(-1). Let k = 26 - 0. Calculate the remainder when k is divided by 9*(2 + (-2 - i)).
8
Suppose -4*j + y = -47, 5 + 23 = 2*j + 4*y. Suppose -j*t + 11*t = -41. What is the remainder when t is divided by 14?
13
Let b be 34/4 - 3/6. Suppose -b*o = -3*o - 180. What is the remainder when o is divided by 19?
17
Let x = -2 - -5. Suppose -14 = -5*q + 2*h, 4*q - 4*h = -8*h. Suppose -1 = -k + q*g - 2, -g + 5 = k. What is the remainder when x is divided by k?
0
Suppose -7*x + p = -2*x - 781, 0 = 3*x + 4*p - 464. Suppose x = 4*n + 28. Let u = n - 19. Calculate the remainder when 49 is divided by u.
10
Let m = -44 + 64. Suppose 4*c - 164 = m. Calculate the remainder when c is divided by (4/10)/((-2)/(-60)).
10
Suppose -3*o + 2*o + 10 = 0. What is the remainder when 29 is divided by o?
9
Let k be (-304)/(-10) + 10/(-25). Suppose v + 0*v - 28 = -3*y, 4*y - k = -5*v. What is the remainder when 28 is divided by y?
8
Let i = -26 - -39. Calculate the remainder when i is divided by 5.
3
Let o(x) = x + 1. Let c = -47 + 66. What is the remainder when c is divided by o(6)?
5
Suppose 12 = 2*g - 4*p, 4*p = -4*g + p - 20. What is the remainder when 2 is divided by (g/6 + 0)*-6?
0
Suppose b - 5*b = -24. Let y = b + -2. Calculate the remainder when 7 is divided by y.
3
Let t(o) = -12*o**3 + 4*o + 3. Let m(k) = -44*k**3 - k**2 - k - 1. What is the remainder when m(-1) is divided by t(-1)?
10
Let s = 90 + -86. What is the remainder when 34 is divided by s?
2
Let r(q) = q + 8. Let h be 34/(-4) + 3/6. Let a be r(h). Let c(z) = -z + 26. What is the remainder when c(a) is divided by 9?
8
Let v(i) = 5*i**2 - i + 3. Let h be v(3). Let a = -22 + h. Suppose -7 = k + 2*f, -3*k + a = -2*k - 4*f. Calculate the remainder when 4 is divided by k.
1
Let u be 2*-12*18/(-24). Calculate the remainder when 11 is divided by (u/10)/(6/20).
5
Let w(h) = h**3 - 4*h**2 - 7*h - 11. What is the remainder when 75 is divided by w(6)?
18
Let w(r) = r**3 + 7*r**2 - r. Suppose -12 = 3*u + 6. Calculate the remainder when w(u) is divided by 15.
12
Let x = -2 - -25. What is the remainder when x is divided by 12?
11
What is the remainder when (-1420)/(-30) - (-6)/9 is divided by 26?
22
Let s = 70 + -8. Let z = s + -9. What is the remainder when z is divided by 27?
26
Let a = -11 + 20. Calculate the remainder when 15 is divided by a.
6
Suppose -k - 2*j = -0*k + 7, 4*j = -3*k - 11. What is the remainder when 1*(6 - (-1 - 0)) is divided by k?
1
Suppose -3*s = -0*s - 114. What is the remainder when s is divided by 20?
18
Suppose -12 = -5*k + 158. Calculate the remainder when 99 is divided by k.
31
Suppose -169 = -3*r - 25. Suppose 0 = -3*h + 7*h - 120. What is the remainder when h is divided by r/10*80/24?
14
Let l(q) = q. Let x be l(-8). Let t be (-2)/(-1 + 6/4). Let m = t - x. Calculate the remainder when 10 is divided by m.
2
Suppose -10 = -5*m + 35. Suppose 3*p - 7*p + 5*v = -13, -2*p = -4*v - 8. Suppose 0 = -n + 14 + p. Calculate the remainder when n is divided by m.
7
Suppose 107*q + 13 = 108*q. What is the remainder when 51 is divided by q?
12
Let v = -117 + 196. Calculate the remainder when v is divided by 27.
25
Suppose 2*q - 20 = 8. Calculate the remainder when 25 is divided by q.
11
Suppose -f - 5*j = -5*f + 60, -2*j = 3*f - 68. Let i be 16 + (4*-1 - -2). Suppose n - i = -n. What is the remainder when f is divided by n?
6
Suppose b + 351 = 4*r + 6*b, -b - 417 = -5*r. What is the remainder when r is divided by 17?
16
Let q(v) = -22*v**3 - v**2 - v. Let b be q(-1). Let x = -12 + b. Calculate the remainder when x is divided by 4.
2
Suppose 0 = 2*w - 2. Let g = 12 + w. Suppose -m + 21 = 2*m. What is the remainder when g is divided by m?
6
Suppose -5*c = 3*b - 36, 2*b = -0*b - 3*c + 23. What is the remainder when 34 is divided by b?
6
Suppose 2*v + 27 = 5*v. Let x(k) = -k**2 - 8*k - 8. Let t be x(-6). Suppose 2*y = 3*n + 4, 2*n + 16 = t*y - 0*y. Calculate the remainder when v is divided by y.
4
Let c(i) = i**2 - 2*i - 3. Let t be c(4). Suppose 1 = 4*b + 5*q + 5, 0 = t*b - 5*q - 40. Calculate the remainder when b is divided by 3.
1
Let b be (0 - 5)*(-14)/10. Let f = b + 3. Let i = 91 - 63. What is the remainder when i is divided by f?
8
Let o = 8 - 5. Calculate the remainder when 3 is divided by 0*(-3)/6 + o.
0
Let q(o) = -27*o + 4. Let v be q(3). Let i be (-1304)/(-12) + 1/3. Let h = i + v. Calculate the remainder when h is divided by 11.
10
Suppose 2*u - 5 - 7 = 0. Suppose 2*r = 5*m - 26, -m = -u*r + 3*r. Suppose 0 = 2*n + 3 - 7. Calculate the remainder when m is divided by n.
0
Let j be (-55)/(-20) + (-1)/(-4). Suppose -2*c + 54 = j*i + c, -4*i + 2*c + 66 = 0. What is the remainder when 33 is divided by i?
16
What is the remainder when 89 is divided by ((-2)/(-4))/((-3)/(-138))?
20
Let y be (12/(-2))/(1/1). Suppose 2*m - 12 = -4*b, 5*b + 30 = 2*m + 3*m. Calculate the remainder when m is divided by 2/y - (-13)/3.
2
Suppose 69 - 25 = 4*b. Let z = -3 + 8. Suppose 0 = 2*w - z*i - 17, 0 = -6*w + w + i + 31. What is the remainder when b is divided by w?
5
Suppose 42*i + 6 = 43*i. Let n(g) = g**2 - 5*g - 7. Let p be n(6). What is the remainder when (66/(-3) + -1)/p is divided by i?
5
Let j = 14 - 9. Suppose -j*c = -8*c + 3. Calculate the remainder when 2 is divided by c.
0
Let r = 88 - 70. What is the remainder when 106 is divided by r?
16
Suppose 52 = 2*p + 3*c, -2*c - 73 = -3*p - 4*c. Calculate the remainder when p is divided by 13.
10
Suppose -6 = 4*r - 18. Let i(s) = -s**2 - 10*s + 11. Let p be i(-9). Suppose 6 = -2*v + p. Calculate the remainder when v is divided by r.
1
Let d(y) = -y + 1. Let f(a) = -5*a. Let i(p) = 4*d(p) - f(p). Calculate the remainder when i(6) is divided by 2/15 - (-440)/75.
4
Let t(q) = 5*q**2 + q + 2. Let l = 97 - 88. What is the remainder when t(2) is divided by l?
6
Let v = 4 - 1. What is the remainder when 19 is divided by (0 - 10/(-3))*v?
9
Suppose -5*i - 3*v = -v + 19, v + 5 = -i. Suppose -4 = -3*u - 1. Calculate the remainder when 4 + (-2 - i)*-3 is divided by u.
0
Let y be 14/21*93/2. Suppose 0 = -0*c + 2*c - 8. Let x = c + y. Calculate the remainder when x is divided by 12.
11
Let d be ((-18)/12)/((-1)/2). Suppose 0 = -d*a + 51 + 54. Calculate the remainder when a is divided by 12.
11
Suppose -2*t + 450 = 4*b, -3*t - 2 = 3*b - 332. What is the remainder when b is divided by 40?
35
Suppose -d - 7*l + 3*l = -6, -d = -l - 26. Calculate the remainder when d is divided by 8.
6
Suppose 5*b + 5*o = 1195, 4*o - 248 = -b + 6*o. What is the remainder when b/8 - 1/4 is divided by 11?
8
Let s = -219 + 341. What is the remainder when s is divided by 25?
22
Let d = 44 - 44. Let m be (-30)/(-4) - (-1)/2. Suppose -u = -3*q - d + 10, -q = 2*u - m. Calculate the remainder when 5 is divided by u.
1
Let i(y) = -y**2 + 9*y - 2. Let c = 20 - 14. Calculate the remainder when i(c) is divided by 9.
7
Suppose -36 = 2*k - 4*k. Calculate the remainder when 69 is divided by k.
15
Suppose 0*p + 90 = 2*p. Calculate the remainder when p is divided by 16.
13
Let j = 12 + -81. Let l = j - -111. What is the remainder when l is divided by 22?
20
Let z(u) = -u**2 + 20*u - 30. What is the remainder when 16 is divided by z(18)?
4
Calculate the remainder when 1 - (548/(-4) - (-5 -